{"id":100912,"date":"2025-12-17T08:50:09","date_gmt":"2025-12-17T07:50:09","guid":{"rendered":"https:\/\/www.fpz.unizg.hr\/zan2\/?page_id=100912"},"modified":"2025-12-30T15:02:44","modified_gmt":"2025-12-30T14:02:44","slug":"istrazivanja-i-laboratorij","status":"publish","type":"page","link":"https:\/\/www.fpz.unizg.hr\/zan\/hr\/istrazivanja-i-laboratorij\/","title":{"rendered":"Istra\u017eivanja i laboratorij"},"content":{"rendered":"\t\t<div data-elementor-type=\"wp-page\" data-elementor-id=\"100912\" class=\"elementor elementor-100912\">\n\t\t\t\t<div class=\"elementor-element elementor-element-f2214d3 e-flex e-con-boxed rt-default-class e-con e-parent\" data-id=\"f2214d3\" data-element_type=\"container\" data-e-type=\"container\">\n\t\t\t\t\t<div class=\"e-con-inner\">\n\t\t<div class=\"elementor-element elementor-element-1b1364b e-con-full e-flex rt-default-class e-con e-child\" data-id=\"1b1364b\" data-element_type=\"container\" data-e-type=\"container\">\n\t\t<div class=\"elementor-element elementor-element-6500b91 e-con-full e-flex rt-default-class e-con e-child\" data-id=\"6500b91\" data-element_type=\"container\" data-e-type=\"container\">\n\t\t<div class=\"elementor-element elementor-element-c7abbb7 e-con-full e-flex rt-default-class e-con e-child\" data-id=\"c7abbb7\" data-element_type=\"container\" data-e-type=\"container\">\n\t\t\t\t<\/div>\n\t\t\t\t<\/div>\n\t\t\t\t<\/div>\n\t\t<div class=\"elementor-element elementor-element-aab855e e-con-full e-flex rt-default-class e-con e-child\" data-id=\"aab855e\" data-element_type=\"container\" data-e-type=\"container\">\n\t\t\t\t<div class=\"elementor-element elementor-element-cc9ab1f elementor-widget__width-initial rt-default-class elementor-widget elementor-widget-heading\" data-id=\"cc9ab1f\" data-element_type=\"widget\" data-e-type=\"widget\" data-widget_type=\"heading.default\">\n\t\t\t\t\t<h3 class=\"elementor-heading-title elementor-size-default\">Zrakoplovstvo  kroz inovacije\n<\/h3>\t\t\t\t<\/div>\n\t\t\t\t<div class=\"elementor-element elementor-element-610ef00 rt-default-class elementor-widget elementor-widget-text-editor\" data-id=\"610ef00\" data-element_type=\"widget\" data-e-type=\"widget\" data-widget_type=\"text-editor.default\">\n\t\t\t\t\t\t\t\t\t<p data-start=\"274\" data-end=\"565\">Aeronauti\u010dka istra\u017eivanja usmjerena su na razvoj znanosti i tehnologije letenja s ciljem pove\u0107anja sigurnosti, u\u010dinkovitosti i odr\u017eivosti zra\u010dnog prometa. Kroz suvremene laboratorije i simulacijska okru\u017eenja, istra\u017eiva\u010di i studenti zajedni\u010dki razvijaju rje\u0161enja za budu\u0107nost zra\u010dnog prometa.<\/p>\t\t\t\t\t\t\t\t<\/div>\n\t\t\t\t<\/div>\n\t\t<div class=\"elementor-element elementor-element-200dc11 e-con-full e-flex rt-default-class e-con e-child\" data-id=\"200dc11\" data-element_type=\"container\" data-e-type=\"container\">\n\t\t<div class=\"elementor-element elementor-element-806ebf8 e-con-full e-flex rt-default-class e-con e-child\" data-id=\"806ebf8\" data-element_type=\"container\" data-e-type=\"container\">\n\t\t<div class=\"elementor-element elementor-element-007ce34 e-con-full rt-primary-color e-flex e-con e-child\" data-id=\"007ce34\" data-element_type=\"container\" data-e-type=\"container\">\n\t\t\t\t<div class=\"elementor-element elementor-element-4468118 rt-default-class elementor-widget elementor-widget-icon-box\" data-id=\"4468118\" data-element_type=\"widget\" data-e-type=\"widget\" data-widget_type=\"icon-box.default\">\n\t\t\t\t\t\t\t<div class=\"elementor-icon-box-wrapper\">\n\n\t\t\t\n\t\t\t\t\t\t<div class=\"elementor-icon-box-content\">\n\n\t\t\t\t\t\t\t\t\t<h3 class=\"elementor-icon-box-title\">\n\t\t\t\t\t\t<a href=\"#\">\n\t\t\t\t\t\t\tIstra\u017eivanja u <br> kontroli zra\u010dnog prometa\t\t\t\t\t\t<\/a>\n\t\t\t\t\t<\/h3>\n\t\t\t\t\n\t\t\t\t\t\t\t\t\t<p class=\"elementor-icon-box-description\">\n\t\t\t\t\t\tUnaprje\u0111enje upravljanja zra\u010dnim prostorom i sustava kontrole letenja primjenom naprednih simulacijskih i automatizacijskih tehnologija.<br>\t\t\t\t\t<\/p>\n\t\t\t\t\n\t\t\t<\/div>\n\t\t\t\n\t\t<\/div>\n\t\t\t\t\t\t<\/div>\n\t\t\t\t<div class=\"elementor-element elementor-element-07d7e68 elementor-widget__width-initial elementor-absolute rt-default-class elementor-widget elementor-widget-heading\" data-id=\"07d7e68\" data-element_type=\"widget\" data-e-type=\"widget\" data-settings='{\"_position\":\"absolute\"}' data-widget_type=\"heading.default\">\n\t\t\t\t\t<span class=\"elementor-heading-title elementor-size-default\">01<\/span>\t\t\t\t<\/div>\n\t\t\t\t<\/div>\n\t\t<div class=\"elementor-element elementor-element-e572254 e-con-full e-flex rt-default-class e-con e-child\" data-id=\"e572254\" data-element_type=\"container\" data-e-type=\"container\" data-settings='{\"background_background\":\"classic\"}'>\n\t\t\t\t<div class=\"elementor-element elementor-element-4d173eb rt-default-class elementor-widget elementor-widget-icon-box\" data-id=\"4d173eb\" data-element_type=\"widget\" data-e-type=\"widget\" data-widget_type=\"icon-box.default\">\n\t\t\t\t\t\t\t<div class=\"elementor-icon-box-wrapper\">\n\n\t\t\t\n\t\t\t\t\t\t<div class=\"elementor-icon-box-content\">\n\n\t\t\t\t\t\t\t\t\t<h3 class=\"elementor-icon-box-title\">\n\t\t\t\t\t\t<a href=\"#\">\n\t\t\t\t\t\t\tAerodinamika <br> i ispitivanje zrakoplova\t\t\t\t\t\t<\/a>\n\t\t\t\t\t<\/h3>\n\t\t\t\t\n\t\t\t\t\t\t\t\t\t<p class=\"elementor-icon-box-description\">\n\t\t\t\t\t\tProvo\u0111enje eksperimenata i numeri\u010dkih simulacija radi analize aerodinami\u010dkih svojstava i strukturnog pona\u0161anja u zrakoplovnom in\u017eenjerstvu.\t\t\t\t\t<\/p>\n\t\t\t\t\n\t\t\t<\/div>\n\t\t\t\n\t\t<\/div>\n\t\t\t\t\t\t<\/div>\n\t\t\t\t<div class=\"elementor-element elementor-element-3e06911 elementor-widget__width-initial elementor-absolute rt-default-class elementor-widget elementor-widget-heading\" data-id=\"3e06911\" data-element_type=\"widget\" data-e-type=\"widget\" data-settings='{\"_position\":\"absolute\"}' data-widget_type=\"heading.default\">\n\t\t\t\t\t<span class=\"elementor-heading-title elementor-size-default\">02<\/span>\t\t\t\t<\/div>\n\t\t\t\t<\/div>\n\t\t<div class=\"elementor-element elementor-element-6678202 e-con-full rt-primary-color e-flex e-con e-child\" data-id=\"6678202\" data-element_type=\"container\" data-e-type=\"container\">\n\t\t\t\t<div class=\"elementor-element elementor-element-c625c73 rt-default-class elementor-widget elementor-widget-icon-box\" data-id=\"c625c73\" data-element_type=\"widget\" data-e-type=\"widget\" data-widget_type=\"icon-box.default\">\n\t\t\t\t\t\t\t<div class=\"elementor-icon-box-wrapper\">\n\n\t\t\t\n\t\t\t\t\t\t<div class=\"elementor-icon-box-content\">\n\n\t\t\t\t\t\t\t\t\t<h3 class=\"elementor-icon-box-title\">\n\t\t\t\t\t\t<a href=\"#\">\n\t\t\t\t\t\t\tSimulacija leta <br> i istra\u017eivanja ispu\u0161nih plinova\t\t\t\t\t\t<\/a>\n\t\t\t\t\t<\/h3>\n\t\t\t\t\n\t\t\t\t\t\t\t\t\t<p class=\"elementor-icon-box-description\">\n\t\t\t\t\t\tPrimjena naprednih simulatora leta i ispitivanja emisija s ciljem pobolj\u0161anja obuke pilota i smanjenja utjecaja zrakoplovstva na okoli\u0161.<br>\t\t\t\t\t<\/p>\n\t\t\t\t\n\t\t\t<\/div>\n\t\t\t\n\t\t<\/div>\n\t\t\t\t\t\t<\/div>\n\t\t\t\t<div class=\"elementor-element elementor-element-6162e18 elementor-widget__width-initial elementor-absolute rt-default-class elementor-widget elementor-widget-heading\" data-id=\"6162e18\" data-element_type=\"widget\" data-e-type=\"widget\" data-settings='{\"_position\":\"absolute\"}' data-widget_type=\"heading.default\">\n\t\t\t\t\t<span class=\"elementor-heading-title elementor-size-default\">03<\/span>\t\t\t\t<\/div>\n\t\t\t\t<\/div>\n\t\t\t\t<\/div>\n\t\t\t\t<\/div>\n\t\t<div class=\"elementor-element elementor-element-cc5ae4d e-con-full e-flex rt-default-class e-con e-child\" data-id=\"cc5ae4d\" data-element_type=\"container\" data-e-type=\"container\">\n\t\t\t\t<div class=\"elementor-element elementor-element-de93b6e rt-default-class elementor-widget elementor-widget-heading\" data-id=\"de93b6e\" data-element_type=\"widget\" data-e-type=\"widget\" data-widget_type=\"heading.default\">\n\t\t\t\t\t<h4 class=\"elementor-heading-title elementor-size-default\">Suradnja i interdisciplinarni razvoj<\/h4>\t\t\t\t<\/div>\n\t\t\t\t<div class=\"elementor-element elementor-element-e6a641e rt-default-class elementor-widget elementor-widget-text-editor\" data-id=\"e6a641e\" data-element_type=\"widget\" data-e-type=\"widget\" data-widget_type=\"text-editor.default\">\n\t\t\t\t\t\t\t\t\t<p data-start=\"1108\" data-end=\"1343\">Napredak u aeronautici temelji se na suradnji. Stru\u010dnjaci iz podru\u010dja in\u017eenjerstva, meteorologije i ljudskih \u010dimbenika zajedni\u010dki razvijaju rje\u0161enja koja unaprje\u0111uju zrakoplovne tehnologije i operacije te oblikuju budu\u0107nost globalnog zra\u010dnog prometa.<\/p>\t\t\t\t\t\t\t\t<\/div>\n\t\t\t\t<\/div>\n\t\t<div class=\"elementor-element elementor-element-e12697b e-con-full e-flex rt-default-class e-con e-child\" data-id=\"e12697b\" data-element_type=\"container\" data-e-type=\"container\">\n\t\t\t\t<div class=\"elementor-element elementor-element-fc9c09f rt-default-class elementor-widget elementor-widget-heading\" data-id=\"fc9c09f\" data-element_type=\"widget\" data-e-type=\"widget\" data-widget_type=\"heading.default\">\n\t\t\t\t\t<h4 class=\"elementor-heading-title elementor-size-default\">Primjena istra\u017eivanja u zrakoplovnoj praksi<\/h4>\t\t\t\t<\/div>\n\t\t\t\t<div class=\"elementor-element elementor-element-7aeb98c rt-default-class elementor-widget elementor-widget-text-editor\" data-id=\"7aeb98c\" data-element_type=\"widget\" data-e-type=\"widget\" data-widget_type=\"text-editor.default\">\n\t\t\t\t\t\t\t\t\t<p data-start=\"758\" data-end=\"1043\">Istra\u017eivanja na Zavodu za aeronautiku ne zaustavljaju se na teoriji. Kroz simulacije, ispitivanja i inovacije, znanstveni rezultati primjenjuju se na stvarne izazove u zrakoplovstvu od obuke pilota i pobolj\u0161anja performansi zrakoplova do pove\u0107anja sigurnosti zra\u010dnog prometa.<\/p>\t\t\t\t\t\t\t\t<\/div>\n\t\t\t\t<\/div>\n\t\t<div class=\"elementor-element elementor-element-a369f24 e-con-full e-flex rt-default-class e-con e-child\" data-id=\"a369f24\" data-element_type=\"container\" data-e-type=\"container\">\n\t\t\t\t<div class=\"elementor-element elementor-element-7cf20b4 rt-default-class elementor-widget elementor-widget-heading\" data-id=\"7cf20b4\" data-element_type=\"widget\" data-e-type=\"widget\" data-widget_type=\"heading.default\">\n\t\t\t\t\t<h4 class=\"elementor-heading-title elementor-size-default\">Istra\u017eivanje letenja i sustava zra\u010dnog prostora<\/h4>\t\t\t\t<\/div>\n\t\t\t\t<div class=\"elementor-element elementor-element-ff7fce4 rt-default-class elementor-widget elementor-widget-text-editor\" data-id=\"ff7fce4\" data-element_type=\"widget\" data-e-type=\"widget\" data-widget_type=\"text-editor.default\">\n\t\t\t\t\t\t\t\t\t<p data-start=\"338\" data-end=\"390\">Prou\u010davanjem na\u010dela letenja i upravljanja zra\u010dnim prometom, aeronauti\u010dka istra\u017eivanja doprinose razvoju sigurnog, u\u010dinkovitog i odr\u017eivog zra\u010dnog prometa. Od aerodinamike do analize operacija u zra\u010dnom prostoru, istra\u017eiva\u010di unapre\u0111uju znanost suvremenog zrakoplovstva.<\/p>\t\t\t\t\t\t\t\t<\/div>\n\t\t\t\t<\/div>\n\t\t\t\t\t<\/div>\n\t\t\t\t<\/div>\n\t\t<div class=\"elementor-element elementor-element-bb06f75 e-flex e-con-boxed rt-default-class e-con e-parent\" data-id=\"bb06f75\" data-element_type=\"container\" data-e-type=\"container\">\n\t\t\t\t\t<div class=\"e-con-inner\">\n\t\t\t\t<div class=\"elementor-element elementor-element-b4352e0 rt-default-class elementor-widget elementor-widget-heading\" data-id=\"b4352e0\" data-element_type=\"widget\" data-e-type=\"widget\" data-widget_type=\"heading.default\">\n\t\t\t\t\t<h2 class=\"elementor-heading-title elementor-size-default\">Laboratoriji<\/h2>\t\t\t\t<\/div>\n\t\t<div class=\"elementor-element elementor-element-270c505 e-con-full e-flex rt-default-class e-con e-child\" data-id=\"270c505\" data-element_type=\"container\" data-e-type=\"container\">\n\t\t\t\t<div class=\"elementor-element elementor-element-957d2c0 rt-default-class elementor-widget elementor-widget-rt-research-grid\" data-id=\"957d2c0\" data-element_type=\"widget\" data-e-type=\"widget\" data-widget_type=\"rt-research-grid.default\">\n\t\t\t\t<div class=\"elementor-widget-container\">\n\t\t\t\t\t\r\n\t<div class=\"rt-research-style1 grid-research link-en\">\r\n\t\t<div class=\"grid\">\r\n\t\t\t<div class=\"row\">\r\n\t\t\t\t<div class=\"col-lg-4 col-md-6 col-xs-1 grid-item \">\t\t\t\t\n\t\t<div class=\"rts__research--single\">\n\t\t\t<div class=\"rts__research--single--thumb\">\n\t\t\t\t\t\t\t\t\t<a aria-label=\"research thumb\" href=\"https:\/\/www.fpz.unizg.hr\/zan\/hr\/research\/laboratorij-za-simulaciju-leta\/\">\n\t\t\t\t\t\t<img fetchpriority=\"high\" decoding=\"async\" width=\"410\" height=\"340\" src=\"https:\/\/www.fpz.unizg.hr\/zan\/wp-content\/uploads\/2024\/08\/1820287-410x340.jpeg\" class=\"attachment-unipix-research size-unipix-research wp-post-image\" alt=\"\">\t\t\t\t\t<\/a>\n\t\t\t\t\t\t\t\t<\/div>\n\t\t\t<div class=\"rts__research--single--meta\">\n\t\t\t\t<a aria-label=\"research title\" class=\"rts__research--single--meta--title\" href=\"https:\/\/www.fpz.unizg.hr\/zan\/hr\/research\/laboratorij-za-simulaciju-leta\/\">Laboratorij za simulaciju leta<\/a>\n\t\t\t\t<p class=\"rts__research--single--meta--excerpt\">\n\t\t\t\t\tLaboratorij za simulaciju leta Podru\u010dje djelovanja laboratorija Laboratorij za simulaciju letenja osnovan je pri Zavodu za aeronautiku s ciljem omogu\u0107avanja znanstveno-istra\u017eiva\u010dkog rada i stru\u010dnog osposobljavanja pilota zrakoplova. Osnovna funkcija laboratorija je omogu\u0107iti studentima (kao i drugim zainteresiranim korisnicima) stjecanje specifi\u010dnih znanja i vje\u0161tina povezanih s: uvje\u017ebavanjem tehnika upravljanja zrakoplovom, uvje\u017ebavanjem upravljanja zrakoplovom u izvanrednim situacijama,...\t\t\t\t<\/p>\n\t\t\t<\/div>\n\t\t<\/div>\t\t\t\t\n\t<\/div>\t\t\t\t\t\n\t\t\n\t\t<div class=\"col-lg-4 col-md-6 col-xs-1 grid-item \">\t\t\t\t\n\t\t<div class=\"rts__research--single\">\n\t\t\t<div class=\"rts__research--single--thumb\">\n\t\t\t\t\t\t\t\t\t<a aria-label=\"research thumb\" href=\"https:\/\/www.fpz.unizg.hr\/zan\/hr\/research\/laboratorij-za-kontrolu-zracne-plovidbe\/\">\n\t\t\t\t\t\t<img decoding=\"async\" width=\"410\" height=\"340\" src=\"https:\/\/www.fpz.unizg.hr\/zan\/wp-content\/uploads\/2024\/08\/1820296-410x340.jpeg\" class=\"attachment-unipix-research size-unipix-research wp-post-image\" alt=\"\">\t\t\t\t\t<\/a>\n\t\t\t\t\t\t\t\t<\/div>\n\t\t\t<div class=\"rts__research--single--meta\">\n\t\t\t\t<a aria-label=\"research title\" class=\"rts__research--single--meta--title\" href=\"https:\/\/www.fpz.unizg.hr\/zan\/hr\/research\/laboratorij-za-kontrolu-zracne-plovidbe\/\">Laboratorij za kontrolu zra\u010dne plovidbe<\/a>\n\t\t\t\t<p class=\"rts__research--single--meta--excerpt\">\n\t\t\t\t\tLaboratorij za kontrolu zra\u010dnog prometa Podru\u010dje djelovanja laboratorija Laboratorij za kontrolu zra\u010dnog prometa smje\u0161ten je na Zavodu za aeronautiku. Koristi se za znanstveno-istra\u017eiva\u010dki rad, izvo\u0111enje nastave na preddiplomskim i diplomskim studijima Zavoda za aeronautiku te za provedbu osposobljavanja u sklopu te\u010dajeva koje provodi Hrvatsko u\u010dili\u0161no sredi\u0161te za kontrolu zra\u010dnog prometa (HUSK). Osim razvoja kompetencija u...\t\t\t\t<\/p>\n\t\t\t<\/div>\n\t\t<\/div>\t\t\t\t\n\t<\/div>\t\t\t\t\t\n\t\t\n\t\t<div class=\"col-lg-4 col-md-6 col-xs-1 grid-item \">\t\t\t\t\n\t\t<div class=\"rts__research--single\">\n\t\t\t<div class=\"rts__research--single--thumb\">\n\t\t\t\t\t\t\t\t\t<a aria-label=\"research thumb\" href=\"https:\/\/www.fpz.unizg.hr\/zan\/hr\/research\/laboratorij-za-ispitivanje-u-aerotehnici\/\">\n\t\t\t\t\t\t<img decoding=\"async\" width=\"410\" height=\"316\" src=\"https:\/\/www.fpz.unizg.hr\/zan\/wp-content\/uploads\/2024\/07\/Snimka-zaslona-2025-10-08-083008-410x316.png\" class=\"attachment-unipix-research size-unipix-research wp-post-image\" alt=\"\">\t\t\t\t\t<\/a>\n\t\t\t\t\t\t\t\t<\/div>\n\t\t\t<div class=\"rts__research--single--meta\">\n\t\t\t\t<a aria-label=\"research title\" class=\"rts__research--single--meta--title\" href=\"https:\/\/www.fpz.unizg.hr\/zan\/hr\/research\/laboratorij-za-ispitivanje-u-aerotehnici\/\">Laboratorij za ispitivanje u aerotehnici<\/a>\n\t\t\t\t<p class=\"rts__research--single--meta--excerpt\">\n\t\t\t\t\tLaboratorij za ispitivanje u aerotehnici Podru\u010dje djelovanja laboratorija Laboratorij za ispitivanja u aerotehnici Zavoda za aeronautiku osnovan je radi znanstveno-istra\u017eiva\u010dkog rada, unaprje\u0111enja nastavnog procesa Katedre za aerotehniku i podr\u0161ke zrakoplovne zajednice u gradnji, ispitivanju, preinakama, obnovi i popravcima zrakoplova na koje se primjenjuje nacionalna regulativa.Temeljna djelatnost laboratorija jest omogu\u0107iti studentima (i ostalimzainteresiranim skupinama) stjecanje posebnih...\t\t\t\t<\/p>\n\t\t\t<\/div>\n\t\t<\/div>\t\t\t\t\n\t<\/div>\t\t\t\t\t\n\t\t\n\t\t<div class=\"col-lg-4 col-md-6 col-xs-1 grid-item \">\t\t\t\t\n\t\t<div class=\"rts__research--single\">\n\t\t\t<div class=\"rts__research--single--thumb\">\n\t\t\t\t\t\t\t\t\t<a aria-label=\"research thumb\" href=\"https:\/\/www.fpz.unizg.hr\/zan\/hr\/research\/laboratorij-za-zrakoplovne-emisije\/\">\n\t\t\t\t\t\t<img loading=\"lazy\" decoding=\"async\" width=\"410\" height=\"340\" src=\"https:\/\/www.fpz.unizg.hr\/zan\/wp-content\/uploads\/2024\/08\/Figure-1.-Sound-Analyser-nor140-and-equipment-860x1024-1-410x340.jpg\" class=\"attachment-unipix-research size-unipix-research wp-post-image\" alt=\"\">\t\t\t\t\t<\/a>\n\t\t\t\t\t\t\t\t<\/div>\n\t\t\t<div class=\"rts__research--single--meta\">\n\t\t\t\t<a aria-label=\"research title\" class=\"rts__research--single--meta--title\" href=\"https:\/\/www.fpz.unizg.hr\/zan\/hr\/research\/laboratorij-za-zrakoplovne-emisije\/\">Laboratorij za zrakoplovne emisije<\/a>\n\t\t\t\t<p class=\"rts__research--single--meta--excerpt\">\n\t\t\t\t\tLaboratorij za zrakoplovne emisije Naziv opreme Analizator zvuka nor140 Oprema se koristi za globalno i profilno mjerenje zvu\u010dnog tlaka. Mogu\u0107e je mjeriti, pohranjivati i kasnije analizirati \u010ditav niz akusti\u010dkih parametara. Analizator zvuka koristi tercne i oktavne filtre i paralelno mo\u017ee mjeriti i ra\u010dunati velik broj parametara s 3 vremenske konstante. Oprema uz analizator zvuka uklju\u010duje...\t\t\t\t<\/p>\n\t\t\t<\/div>\n\t\t<\/div>\t\t\t\t\n\t<\/div>\t\t\t\t\t\n\t\t\n\t\t<div class=\"col-lg-4 col-md-6 col-xs-1 grid-item \">\t\t\t\t\n\t\t<div class=\"rts__research--single\">\n\t\t\t<div class=\"rts__research--single--thumb\">\n\t\t\t\t\t\t\t\t\t<a aria-label=\"research thumb\" href=\"https:\/\/www.fpz.unizg.hr\/zan\/hr\/research\/laboratorij-za-aerodinamiku\/\">\n\t\t\t\t\t\t<img loading=\"lazy\" decoding=\"async\" width=\"410\" height=\"340\" src=\"https:\/\/www.fpz.unizg.hr\/zan\/wp-content\/uploads\/2025\/11\/Low-speed-wind-tunnel-410x340.jpg\" class=\"attachment-unipix-research size-unipix-research wp-post-image\" alt=\"\">\t\t\t\t\t<\/a>\n\t\t\t\t\t\t\t\t<\/div>\n\t\t\t<div class=\"rts__research--single--meta\">\n\t\t\t\t<a aria-label=\"research title\" class=\"rts__research--single--meta--title\" href=\"https:\/\/www.fpz.unizg.hr\/zan\/hr\/research\/laboratorij-za-aerodinamiku\/\">Laboratorij za aerodinamiku<\/a>\n\t\t\t\t<p class=\"rts__research--single--meta--excerpt\">\n\t\t\t\t\tLaboratorij za aerodinamiku Laboratorij za aerodinamiku sastavni je dio Zavoda za aeronautiku i Hrvatskogzrakoplovnog nastavnog sredi\u0161ta (HZNS). Laboratorij je namijenjen nastavnomi istra\u017eiva\u010dkom radu studenata i nastavnika Fakulteta prometnih znanosti.Predvi\u0111en je za istra\u017eivanja u podru\u010dju eksperimentalne aerodinamike iopremljen je zatvorenim \u0161kolskim aerodinami\u010dkim tunelom.Cilj laboratorija je istra\u017eivanje temeljnih zakona strujanja podzvu\u010dnog(nestla\u010divog) fluida. Zatvorenim aerotunelom koriste se studentipreddiplomskog...\t\t\t\t<\/p>\n\t\t\t<\/div>\n\t\t<\/div>\t\t\t\t\n\t<\/div>\t\t\t\t\t\n\t\t\n\t\t\t\t<\/div>\r\n\t\t<\/div>\r\n\t<\/div>\r\n\r\n\t\t\t\t\t<\/div>\n\t\t\t\t<\/div>\n\t\t\t\t<\/div>\n\t\t\t\t\t<\/div>\n\t\t\t\t<\/div>\n\t\t\t\t<\/div>\n\t\t","protected":false},"excerpt":{"rendered":"<p>Zrakoplovstvo kroz inovacije Aeronauti\u010dka istra\u017eivanja usmjerena su na razvoj znanosti i tehnologije letenja s ciljem pove\u0107anja sigurnosti, u\u010dinkovitosti i odr\u017eivosti zra\u010dnog prometa. Kroz suvremene laboratorije i simulacijska okru\u017eenja, istra\u017eiva\u010di i studenti zajedni\u010dki razvijaju rje\u0161enja za budu\u0107nost zra\u010dnog prometa. Istra\u017eivanja u kontroli zra\u010dnog prometa Unaprje\u0111enje upravljanja zra\u010dnim prostorom i sustava kontrole letenja primjenom naprednih simulacijskih i&#8230;<\/p>\n","protected":false},"author":6,"featured_media":0,"parent":0,"menu_order":0,"comment_status":"closed","ping_status":"closed","template":"elementor_header_footer","meta":{"footnotes":""},"class_list":["post-100912","page","type-page","status-publish","hentry"],"aioseo_notices":[],"_links":{"self":[{"href":"https:\/\/www.fpz.unizg.hr\/zan\/wp-json\/wp\/v2\/pages\/100912","targetHints":{"allow":["GET"]}}],"collection":[{"href":"https:\/\/www.fpz.unizg.hr\/zan\/wp-json\/wp\/v2\/pages"}],"about":[{"href":"https:\/\/www.fpz.unizg.hr\/zan\/wp-json\/wp\/v2\/types\/page"}],"author":[{"embeddable":true,"href":"https:\/\/www.fpz.unizg.hr\/zan\/wp-json\/wp\/v2\/users\/6"}],"replies":[{"embeddable":true,"href":"https:\/\/www.fpz.unizg.hr\/zan\/wp-json\/wp\/v2\/comments?post=100912"}],"version-history":[{"count":14,"href":"https:\/\/www.fpz.unizg.hr\/zan\/wp-json\/wp\/v2\/pages\/100912\/revisions"}],"predecessor-version":[{"id":101799,"href":"https:\/\/www.fpz.unizg.hr\/zan\/wp-json\/wp\/v2\/pages\/100912\/revisions\/101799"}],"wp:attachment":[{"href":"https:\/\/www.fpz.unizg.hr\/zan\/wp-json\/wp\/v2\/media?parent=100912"}],"curies":[{"name":"wp","href":"https:\/\/api.w.org\/{rel}","templated":true}]}}