{"id":528,"date":"2020-05-05T14:10:49","date_gmt":"2020-05-05T12:10:49","guid":{"rendered":"https:\/\/www.fpz.unizg.hr\/zps\/?page_id=528"},"modified":"2022-09-22T12:53:17","modified_gmt":"2022-09-22T10:53:17","slug":"strucni-projekti","status":"publish","type":"page","link":"https:\/\/www.fpz.unizg.hr\/zps\/strucni-projekti\/","title":{"rendered":"Stru\u010dni projekti"},"content":{"rendered":"<hr class=\"no_line\" style=\"margin: 0 auto 150px auto\"\/>\n\n<h1>Stru\u010dni projekti<\/h1>\n<p><img decoding=\"async\" class=\"scale-with-grid\" src=\"https:\/\/www.fpz.unizg.hr\/zps\/wp-content\/uploads\/2020\/01\/fpz-kosa-crta-dugacka.png\" alt=\"\" \/><br \/>\n<hr class=\"no_line\" style=\"margin: 0 auto 25px auto\"\/>\n<\/p>\n<ol>\n<li><a href=\"https:\/\/www.fpz.unizg.hr\/zps\/2022\/04\/15\/izrada-prometnih-studija-analize-postojeceg-stanja-visokorizicnih-dionica-cesta-na-kojima-se-dogadaju-nesrece-u-kojima-sudjeluju-vozaci-motocikala-i-mopeda\/\">Izrada prometnih studija analize postoje\u0107eg stanja visokorizi\u010dnih dionica cesta na kojima se doga\u0111aju nesre\u0107e u kojima sudjeluju voza\u010di motocikala i mopeda<\/a>; Naru\u010ditelj: Ministarstvo unutarnjih poslova Republike Hrvatske; 2022<\/li>\n<li><a href=\"https:\/\/www.fpz.unizg.hr\/zps\/2021\/01\/27\/road-marking-and-signs-for-the-future-rmsf-study-on-common-specifications-for-road-markings-and-signs\/\" target=\"_blank\" rel=\"noopener noreferrer\">Road marking and signs for the future &#8211; RMSF Study on common specifications for road markings and signs<\/a>; Naru\u010ditelj: Europska komisija &#8220;DG MOVE&#8221;; 2020<\/li>\n<li>Analiza ograni\u010denja brzina na dr\u017eavnoj cesti DC8 &#8211; snimka postoje\u0107eg stanja i prijedlozi uskla\u0111enja; Naru\u010ditelj: Hrvatske ceste d.o.o.; 2020\/2021<\/li>\n<li>Nabava, dopremanje i opremanje prometnih znakova RFID oznakama s uspostavom cjelovitog sustava automatskog prepoznavanja; Naru\u010ditelj: Hrvatske ceste d.o.o.; 2020<\/li>\n<li>Kontrolno ispitivanje retrorefleksije vertikalne prometne signalizacije na autocestama HAC-a s prikupljanjem podataka za a\u017euriranje baze Cestovnih podataka i izradom prometnih elaborata unapre\u0111enja i pove\u0107anja sigurnosti prometa; Naru\u010ditelj: Hrvatske autoceste d.o.o.; 2019\/2021<\/li>\n<li>Prometni elaborat pove\u0107anja sigurnosti motociklista na zahtjevnim dionicama dr\u017eavnih cesta oznaka DC8, DC32 i DC66; Naru\u010ditelj: Hrvatske ceste d.o.o.; 2019<\/li>\n<li>Kontrolna ispitivanja retrorefleksije horizontalne i vertikalne prometne signalizacije na dr\u017eavnim cestama s prikupljanjem podataka za a\u017euriranje Baze cestovnih podataka; Naru\u010ditelj: Hrvatske ceste d.o.o.; 2019\/2023<\/li>\n<li>Analiza utjecaja reklama na pona\u0161anje voza\u010da i sigurnost prometa; Naru\u010ditelj: Hrvatske ceste d.o.o.; 2019<\/li>\n<li>Analiza ograni\u010denja brzina na dr\u017eavnoj cesti DC2 \u2013 snimka postoje\u0107eg stanja i prijedlozi uskla\u0111enja; Naru\u010ditelj: Hrvatske ceste d.o.o.; 2019<\/li>\n<li>Ispitivanja postavljenih uli\u010dnih plo\u010da za ozna\u010davanje imena ulica i trgova na podru\u010dju Grada Zagreba; Naru\u010ditelj: Grad Zagreb; 2019<\/li>\n<li>Snimanje postoje\u0107eg stanja (dinami\u010dko ispitivanje retrorefleksije) horizontalne prometne signalizacije na autocestama s izradom prometnog elaborata unapre\u0111enja i pove\u0107anja sigurnosti prometa; Naru\u010ditelj: Hrvatske autoceste d.o.o.; 2019\/2020<\/li>\n<li>Nadzor izvo\u0111enja i ispitivanja kvalitete oznaka na kolniku na autocesti Zagreb &#8211; Macelj, dionica Jankomir \u2013 Macelj; Naru\u010ditelj: Autocesta Zagreb \u2013 Macelj d.o.o.; 2019\/2020<\/li>\n<li>Prometni elaborat zamjene postoje\u0107e prometne signalizacije za potrebe izgradnje punionica za elektri\u010dna vozila na benzinskim postajama uz autocestu A1 Zagreb (Bosiljevo) \u2013 Plo\u010de; Naru\u010ditelj: HEP; 2019<\/li>\n<li>Nadogradnja i optimalizacija sustava WIM mjerenja teretnih vozila u prometu na cestama Republike Hrvatske; Naru\u010ditelj: Hrvatske ceste d.o.o.; 2019<\/li>\n<li>Analiza ograni\u010denja brzina na dr\u017eavnoj cesti DC1 \u2013 snimka postoje\u0107eg stanja i prijedlozi uskla\u0111enja; Naru\u010ditelj: Hrvatske ceste d.o.o.; 2019<\/li>\n<li>Izrada prometnog elaborata izmjene i dopune prometne signalizacije u funkciji daljinskog vo\u0111enja prometa na tri raskri\u017eja na mre\u017ei dr\u017eavnih cesta na podru\u010dju Grada Splita; Naru\u010ditelj: Hrvatske ceste d.o.o.; 2019<\/li>\n<li>Smjernice za projektiranje, izvo\u0111enje i odr\u017eavanje za\u0161titnih ograda na cestama; Naru\u010ditelj: Hrvatske ceste d.o.o.; 2018\/2019<\/li>\n<li>Kontrolna ispitivanja retrorefleksije zamijenjenih i novopostavljenih prometnih znakova s prikupljanjem podataka za Bazu cestovnih podataka; Naru\u010ditelj: Hrvatske ceste d.o.o.; 2018<\/li>\n<li>Snimak postoje\u0107eg stanja putokazne prometne signalizacije s prijedlogom novog funkcionalnog rje\u0161enja daljinskog vo\u0111enja prometa na DC1, na dijelu od Zagreba do Splita; Naru\u010ditelj: Hrvatske ceste d.o.o.; 2018\/2019<\/li>\n<li>Kontrola uzoraka plo\u010da s imenima ulica i trgova; Naru\u010ditelj: Grad Zagreb; 2018\/2019<\/li>\n<li>Ispitivanje pona\u0161anja voza\u010da uslijed promjene prometne signalizacije i opreme uz kori\u0161tene eye\u2010tracking sustava na cesti R1\u2010214 Ko\u010devje Stari Log, odsje\u010dak 1156, kod mjesta Stari Log; Naru\u010ditelj: CGP d.d.; 2018<\/li>\n<li>Usluga nadzora postave prometne signalizacije za ozna\u010davanje biciklisti\u010dkih ruta na podru\u010dju Nacionalnog parka Krka; Naru\u010ditelj: NP Krka; 2018<\/li>\n<li>Izrada prometnog elaborata pove\u0107anja sigurnosti motociklista na zahtjevnim dionicama DC8, DC32, DC66; Naru\u010ditelj: Hrvatske ceste d.o.o.; 2018<\/li>\n<li>Izrada analize stanja s prijedlogom novog funkcionalno-prometnog rje\u0161enja daljinskog vo\u0111enja prometa na DC na podru\u010dju Istarske \u017eupanije; Naru\u010ditelj: Hrvatske ceste d.o.o.; 2018<\/li>\n<li>Stru\u010dno-tehni\u010dka obrada i priprema Pravilnika o signalizaciji i opremi na cestama; Naru\u010ditelj: Hrvatske ceste d.o.o.; 2018<\/li>\n<li>Stru\u010dno-tehni\u010dka obrada i priprema Pravilnika o privremenoj regulaciji prometa i ozna\u010davanju te osiguravanju radova na cestama; Naru\u010ditelj: Hrvatske ceste d.o.o.; 2018<\/li>\n<li>Usluga kontrole uzoraka plo\u010da za ozna\u010davanje imena ulica i uzoraka plo\u010dica za ozna\u010davanje zgrada brojevima; Naru\u010ditelj: Grad Zagreb; 2017\/2018<\/li>\n<li>Analiza stanja i optimizacija daljinskog vo\u0111enja prometa dr\u017eavnim cestama na podru\u010dju Krapinsko &#8211; zagorske \u017eupanije; Naru\u010ditelj: Hrvatske ceste d.o.o.; 2017<\/li>\n<li>Dinami\u010dko ispitivanje horizontalne prometne signalizacije s prikupljanjem podataka o oznakama na kolniku za a\u017euriranje Baze cestovnih podataka; Naru\u010ditelj: Hrvatske ceste d.o.o.; 2017\/2019<\/li>\n<li>Izrada elaborata signalizacije za ozna\u010davanje biciklisti\u010dkih staza u nacionalnom parku &#8220;Krka&#8221;; Naru\u010ditelj: NP Krka; 2017<\/li>\n<li>Studija za uspostavu sustava ozna\u010davanja i automatiziranog prepoznavanja prometnih znakova na dr\u017eavnim cestama za potrebe a\u017euriranja baze cestovnih podataka; Naru\u010ditelj: Hrvatske ceste d.o.o.; 2016\/2017<\/li>\n<li>Analiza stanja i optimizacija daljinskog vo\u0111enja prometa dr\u017eavnim cestama na podru\u010dju Zagreba\u010dke \u017eupanije i Grada Zagreba; Naru\u010ditelj: Hrvatske ceste d.o.o.; 2016<\/li>\n<li>Ispitivanje kvalitete oznaka na kolniku na autocesti Zagreb \u2013 Macelj; Naru\u010ditelj: Autocesta Zagreb \u2013 Macelj d.o.o.; 2016<\/li>\n<li>Ispitivanja retrorefleksije horizontalne i vertikalne prometne signalizacije na dr\u017eavnim cestama s prikupljanjem podataka za a\u017euriranje baze cestovnih podataka; Naru\u010ditelj: Hrvatske ceste d.o.o.; 2015\/2017<\/li>\n<li>Dinami\u010dko ispitivanje retrorefleksije (no\u0107ne vidljivosti) uzdu\u017enih oznaka na kolniku \u017eupanijskih cesta Brodsko-posavske \u017eupanije; Naru\u010ditelj: \u017dupanijska uprava za ceste Brodsko-posavske \u017eupanije; 2015\/2016\/2017\/2018\/2019<\/li>\n<li>Dinami\u010dko ispitivanje retrorefleksije (no\u0107ne vidljivosti) uzdu\u017enih oznaka na kolniku \u017eupanijskih cesta Viroviti\u010dko-podravske \u017eupanije; Naru\u010ditelj: \u017dupanijska uprava za ceste Viroviti\u010dko-podravske \u017eupanije; 2015\/2016\/2017\/2018\/2019<\/li>\n<li>Ispitivanja kvalitete oznaka na kolniku na podru\u010dju Zra\u010dne luke Pula; Naru\u010ditelj: Pismorad d.d.; 2015<\/li>\n<li>Ispitivanje postavljenih uli\u010dnih plo\u010da za ozna\u010davanje imena ulica i trgova na podru\u010dju Grada Zagreba; Naru\u010ditelj: Gradski ured za prostorno ure\u0111enje, izgradnju grada, graditeljstvo, komunalne poslove i promet; 2015\/2016<\/li>\n<li>Ispitivanje retrorefleksije prometnih znakova na dr\u017eavnoj cesti D3 u Zagreba\u010dkoj \u017eupaniji; Naru\u010ditelj: \u017dupanijske ceste Zagreba\u010dke \u017eupanije d.o.o.; 2013<\/li>\n<li>Dinami\u010dko ispitivanje kvalitete oznaka na kolniku na autocestama u nadle\u017enosti Hrvatskih autocesta; Naru\u010ditelj: Hrvatske autoceste d.o.o.; 2011\/2012<\/li>\n<li>Dinami\u010dko ispitivanje retrorefleksije (no\u0107ne vidljivosti) uzdu\u017enih oznaka na kolniku dr\u017eavnih cesta Republike Hrvatske; Naru\u010ditelj: Hrvatske ceste d.o.o.; 2011\/2013<\/li>\n<\/ol>\n<hr class=\"no_line\" style=\"margin: 0 auto 150px auto\"\/>\n\n","protected":false},"excerpt":{"rendered":"<p>Stru\u010dni projekti Izrada prometnih studija analize postoje\u0107eg stanja visokorizi\u010dnih dionica cesta na kojima se doga\u0111aju nesre\u0107e u kojima sudjeluju voza\u010di motocikala i mopeda; Naru\u010ditelj: Ministarstvo unutarnjih<span class=\"excerpt-hellip\"> [\u2026]<\/span><\/p>\n","protected":false},"author":2,"featured_media":0,"parent":0,"menu_order":0,"comment_status":"closed","ping_status":"closed","template":"","meta":{"inline_featured_image":false,"footnotes":""},"yoast_head":"<!-- This site is optimized with the Yoast SEO plugin v22.5 - https:\/\/yoast.com\/wordpress\/plugins\/seo\/ -->\r\n<title>Stru\u010dni projekti - ZPS<\/title>\r\n<meta name=\"robots\" content=\"index, follow, max-snippet:-1, max-image-preview:large, max-video-preview:-1\" \/>\r\n<link rel=\"canonical\" href=\"https:\/\/www.fpz.unizg.hr\/zps\/strucni-projekti\/\" \/>\r\n<meta property=\"og:locale\" content=\"hr_HR\" \/>\r\n<meta property=\"og:type\" content=\"article\" \/>\r\n<meta property=\"og:title\" content=\"Stru\u010dni projekti - ZPS\" \/>\r\n<meta property=\"og:description\" content=\"Stru\u010dni projekti Izrada prometnih studija analize postoje\u0107eg stanja visokorizi\u010dnih dionica cesta na kojima se doga\u0111aju nesre\u0107e u kojima sudjeluju voza\u010di motocikala i mopeda; Naru\u010ditelj: Ministarstvo unutarnjih [\u2026]\" \/>\r\n<meta property=\"og:url\" content=\"https:\/\/www.fpz.unizg.hr\/zps\/strucni-projekti\/\" \/>\r\n<meta property=\"og:site_name\" content=\"ZPS\" \/>\r\n<meta property=\"article:modified_time\" content=\"2022-09-22T10:53:17+00:00\" \/>\r\n<meta property=\"og:image\" content=\"https:\/\/www.fpz.unizg.hr\/zps\/wp-content\/uploads\/2020\/01\/fpz-kosa-crta-dugacka.png\" \/>\r\n<meta name=\"twitter:card\" content=\"summary_large_image\" \/>\r\n<meta name=\"twitter:label1\" content=\"Procijenjeno vrijeme \u010ditanja\" \/>\n\t<meta name=\"twitter:data1\" content=\"5 minuta\" \/>\r\n<script type=\"application\/ld+json\" class=\"yoast-schema-graph\">{\"@context\":\"https:\/\/schema.org\",\"@graph\":[{\"@type\":\"WebPage\",\"@id\":\"https:\/\/www.fpz.unizg.hr\/zps\/strucni-projekti\/\",\"url\":\"https:\/\/www.fpz.unizg.hr\/zps\/strucni-projekti\/\",\"name\":\"Stru\u010dni projekti - ZPS\",\"isPartOf\":{\"@id\":\"https:\/\/www.fpz.unizg.hr\/zps\/#website\"},\"primaryImageOfPage\":{\"@id\":\"https:\/\/www.fpz.unizg.hr\/zps\/strucni-projekti\/#primaryimage\"},\"image\":{\"@id\":\"https:\/\/www.fpz.unizg.hr\/zps\/strucni-projekti\/#primaryimage\"},\"thumbnailUrl\":\"https:\/\/www.fpz.unizg.hr\/zps\/wp-content\/uploads\/2020\/01\/fpz-kosa-crta-dugacka.png\",\"datePublished\":\"2020-05-05T12:10:49+00:00\",\"dateModified\":\"2022-09-22T10:53:17+00:00\",\"breadcrumb\":{\"@id\":\"https:\/\/www.fpz.unizg.hr\/zps\/strucni-projekti\/#breadcrumb\"},\"inLanguage\":\"hr\",\"potentialAction\":[{\"@type\":\"ReadAction\",\"target\":[\"https:\/\/www.fpz.unizg.hr\/zps\/strucni-projekti\/\"]}]},{\"@type\":\"ImageObject\",\"inLanguage\":\"hr\",\"@id\":\"https:\/\/www.fpz.unizg.hr\/zps\/strucni-projekti\/#primaryimage\",\"url\":\"https:\/\/www.fpz.unizg.hr\/zps\/wp-content\/uploads\/2020\/01\/fpz-kosa-crta-dugacka.png\",\"contentUrl\":\"https:\/\/www.fpz.unizg.hr\/zps\/wp-content\/uploads\/2020\/01\/fpz-kosa-crta-dugacka.png\",\"width\":100,\"height\":12},{\"@type\":\"BreadcrumbList\",\"@id\":\"https:\/\/www.fpz.unizg.hr\/zps\/strucni-projekti\/#breadcrumb\",\"itemListElement\":[{\"@type\":\"ListItem\",\"position\":1,\"name\":\"Po\u010detna stranica\",\"item\":\"https:\/\/www.fpz.unizg.hr\/zps\/\"},{\"@type\":\"ListItem\",\"position\":2,\"name\":\"Stru\u010dni projekti\"}]},{\"@type\":\"WebSite\",\"@id\":\"https:\/\/www.fpz.unizg.hr\/zps\/#website\",\"url\":\"https:\/\/www.fpz.unizg.hr\/zps\/\",\"name\":\"ZPS\",\"description\":\"Zavod za prometnu signalizaciju\",\"potentialAction\":[{\"@type\":\"SearchAction\",\"target\":{\"@type\":\"EntryPoint\",\"urlTemplate\":\"https:\/\/www.fpz.unizg.hr\/zps\/?s={search_term_string}\"},\"query-input\":\"required name=search_term_string\"}],\"inLanguage\":\"hr\"}]}<\/script>\r\n<!-- \/ Yoast SEO plugin. -->","yoast_head_json":{"title":"Stru\u010dni projekti - ZPS","robots":{"index":"index","follow":"follow","max-snippet":"max-snippet:-1","max-image-preview":"max-image-preview:large","max-video-preview":"max-video-preview:-1"},"canonical":"https:\/\/www.fpz.unizg.hr\/zps\/strucni-projekti\/","og_locale":"hr_HR","og_type":"article","og_title":"Stru\u010dni projekti - ZPS","og_description":"Stru\u010dni projekti Izrada prometnih studija analize postoje\u0107eg stanja visokorizi\u010dnih dionica cesta na kojima se doga\u0111aju nesre\u0107e u kojima sudjeluju voza\u010di motocikala i mopeda; Naru\u010ditelj: Ministarstvo unutarnjih [\u2026]","og_url":"https:\/\/www.fpz.unizg.hr\/zps\/strucni-projekti\/","og_site_name":"ZPS","article_modified_time":"2022-09-22T10:53:17+00:00","og_image":[{"url":"https:\/\/www.fpz.unizg.hr\/zps\/wp-content\/uploads\/2020\/01\/fpz-kosa-crta-dugacka.png"}],"twitter_card":"summary_large_image","twitter_misc":{"Procijenjeno vrijeme \u010ditanja":"5 minuta"},"schema":{"@context":"https:\/\/schema.org","@graph":[{"@type":"WebPage","@id":"https:\/\/www.fpz.unizg.hr\/zps\/strucni-projekti\/","url":"https:\/\/www.fpz.unizg.hr\/zps\/strucni-projekti\/","name":"Stru\u010dni projekti - ZPS","isPartOf":{"@id":"https:\/\/www.fpz.unizg.hr\/zps\/#website"},"primaryImageOfPage":{"@id":"https:\/\/www.fpz.unizg.hr\/zps\/strucni-projekti\/#primaryimage"},"image":{"@id":"https:\/\/www.fpz.unizg.hr\/zps\/strucni-projekti\/#primaryimage"},"thumbnailUrl":"https:\/\/www.fpz.unizg.hr\/zps\/wp-content\/uploads\/2020\/01\/fpz-kosa-crta-dugacka.png","datePublished":"2020-05-05T12:10:49+00:00","dateModified":"2022-09-22T10:53:17+00:00","breadcrumb":{"@id":"https:\/\/www.fpz.unizg.hr\/zps\/strucni-projekti\/#breadcrumb"},"inLanguage":"hr","potentialAction":[{"@type":"ReadAction","target":["https:\/\/www.fpz.unizg.hr\/zps\/strucni-projekti\/"]}]},{"@type":"ImageObject","inLanguage":"hr","@id":"https:\/\/www.fpz.unizg.hr\/zps\/strucni-projekti\/#primaryimage","url":"https:\/\/www.fpz.unizg.hr\/zps\/wp-content\/uploads\/2020\/01\/fpz-kosa-crta-dugacka.png","contentUrl":"https:\/\/www.fpz.unizg.hr\/zps\/wp-content\/uploads\/2020\/01\/fpz-kosa-crta-dugacka.png","width":100,"height":12},{"@type":"BreadcrumbList","@id":"https:\/\/www.fpz.unizg.hr\/zps\/strucni-projekti\/#breadcrumb","itemListElement":[{"@type":"ListItem","position":1,"name":"Po\u010detna stranica","item":"https:\/\/www.fpz.unizg.hr\/zps\/"},{"@type":"ListItem","position":2,"name":"Stru\u010dni projekti"}]},{"@type":"WebSite","@id":"https:\/\/www.fpz.unizg.hr\/zps\/#website","url":"https:\/\/www.fpz.unizg.hr\/zps\/","name":"ZPS","description":"Zavod za prometnu signalizaciju","potentialAction":[{"@type":"SearchAction","target":{"@type":"EntryPoint","urlTemplate":"https:\/\/www.fpz.unizg.hr\/zps\/?s={search_term_string}"},"query-input":"required name=search_term_string"}],"inLanguage":"hr"}]}},"_links":{"self":[{"href":"https:\/\/www.fpz.unizg.hr\/zps\/wp-json\/wp\/v2\/pages\/528"}],"collection":[{"href":"https:\/\/www.fpz.unizg.hr\/zps\/wp-json\/wp\/v2\/pages"}],"about":[{"href":"https:\/\/www.fpz.unizg.hr\/zps\/wp-json\/wp\/v2\/types\/page"}],"author":[{"embeddable":true,"href":"https:\/\/www.fpz.unizg.hr\/zps\/wp-json\/wp\/v2\/users\/2"}],"replies":[{"embeddable":true,"href":"https:\/\/www.fpz.unizg.hr\/zps\/wp-json\/wp\/v2\/comments?post=528"}],"version-history":[{"count":10,"href":"https:\/\/www.fpz.unizg.hr\/zps\/wp-json\/wp\/v2\/pages\/528\/revisions"}],"predecessor-version":[{"id":829,"href":"https:\/\/www.fpz.unizg.hr\/zps\/wp-json\/wp\/v2\/pages\/528\/revisions\/829"}],"wp:attachment":[{"href":"https:\/\/www.fpz.unizg.hr\/zps\/wp-json\/wp\/v2\/media?parent=528"}],"curies":[{"name":"wp","href":"https:\/\/api.w.org\/{rel}","templated":true}]}}